). Determine s(-7).
3
Let v(k) = -8*k**2 + 2*k - 1. Let c be 6 - (6/9 - 10/(-3)). Calculate v(c).
-29
Let y(s) = 7*s**2 + s - 1. Let t be (-142)/(-7) - 8/28. Let d = -18 + t. Let n be 1/d*6 + -2. Give y(n).
7
Let v(n) = -n**3 + 4*n**2 + 8*n - 3. Let h be v(5). Let r(k) = k**3 - 13*k**2 + 13*k + 8. Calculate r(h).
20
Suppose -6*h = -34 + 10. Let a(u) = u + 2*u**2 + u + 3 + h*u - 3*u**2. Suppose 4*i - 4*v - 44 = 0, -2*v - 2*v = 16. Determine a(i).
-4
Let d(j) = j**2 + 5*j + 3. Let n be d(-5). Suppose 0 = 4*q - 8*v + 3*v - 32, n*q = -2*v + 24. Suppose 10*a = q*a. Let c(l) = -l**3 + 5. Give c(a).
5
Let m(s) = 2*s - 11. Suppose -3 = 2*x - 15. Let u be m(x). Let a(k) = 3*k**2 + 4*k + 7. Let j(o) = o + 1. Let z(i) = -a(i) + 6*j(i). Calculate z(u).
-2
Let s = 7746 + -7749. Let m(i) = i. Let u(l) = -5*l - 4. Let v(t) = -3*m(t) - u(t). Calculate v(s).
-2
Let o(t) = -17*t + 6. Let w(k) = 15*k - 4. Let c(l) = 6*o(l) + 7*w(l). Determine c(-6).
-10
Let v(u) = -3*u - 1. Let g(s) = -7*s - 4. Let y(c) = 2*g(c) - 5*v(c). Determine y(-11).
-14
Let t(o) = -2 - 4*o**2 + 0 - 4*o + 3*o**2 + 0*o. Suppose 0 = -2*m + 3*h - 5, 2*h = 3*m + 3 + 7. Calculate t(m).
-2
Let a = -17 + 11. Let z(g) be the first derivative of -g**4/4 - 5*g**3/3 + 5*g**2/2 - 5*g + 298. What is z(a)?
1
Let k(u) be the second derivative of -u**4/12 + 13*u**3/6 - 2*u**2 + 5*u - 12. Calculate k(13).
-4
Suppose -3*r + 3 = -6, 0 = g - r + 6. Let b(u) = -2*u**3 - 2*u**2 + 3*u - 3. What is b(g)?
24
Let f(u) = 12*u + 9 + 11*u**2 - 2 - 5 - u**3. Let l be f(12). Let p(g) = -2*g - 3*g + g**l - 2*g**2 - 2 + 8*g. Determine p(3).
-2
Suppose -3*m - 4*q = -9, -4*m - 25 + 6 = -5*q. Let g(b) = -23*b - 1. What is g(m)?
22
Let k(o) = 7*o + 1. Suppose -6*t + 11*t = 15. Suppose t*i - 14 = -4*i. Calculate k(i).
15
Let k(n) = n**3 - 14*n**2 - 18*n + 55. Let f be k(15). Let c(o) = -o**2 + 12*o - 15. Determine c(f).
5
Suppose 4*j = -h + 18, 25*h - 23*h - 4*j + 12 = 0. Let g(u) be the first derivative of h + 1/2*u**2 + 5*u. Determine g(-5).
0
Let k(n) = 3*n**2 - n - 22. Let i(h) = -h**2. Let q(t) = -2*i(t) - k(t). Give q(0).
22
Let j(b) = -b**3 + 7*b**2 - 5*b - 4. Let u be j(5). Suppose 6*h = 3*h - u. Let s(i) = i**3 + 8*i**2 + 7*i + 9. Give s(h).
9
Let m(p) = 5*p**3 + p**2 + p. Suppose 0 = 4*c - 5*c + 4. Suppose 0*f + c*f + 2*i = 4, -2*i = 5*f - 3. Determine m(f).
-5
Let j be ((-6)/(-12))/(2/12). Let m be -4 + j + -3 - -3. Let x = -4 + m. Let y(b) = -b**2 - 4*b + 5. What is y(x)?
0
Let o(p) = 13*p**2 + 10*p - 4. Let u(s) = -2*s**2 - s + 1. Let m(g) = -o(g) - 6*u(g). Determine m(-4).
-2
Let o = 867 + -865. Let g(j) = -4*j**2 + 5 - 2 - 3*j**3 + 3*j**2 - j. Let i(l) = 2*l**3 + l - 2. Let f(r) = 3*g(r) + 5*i(r). Determine f(o).
-1
Let l = 811 + -814. Let v(g) = g**2 - 2*g + 4. What is v(l)?
19
Let d(u) = -6*u + 3. Let q(v) = -7*v + 3. Let a(n) = -4*d(n) + 3*q(n). Give a(3).
6
Let b(n) = -n**2 - 3*n - 2. Let l = 5 - 5. Suppose -5*c = 4*x + 31, 1 + l = c - x. Let k = -1 + c. What is b(k)?
-6
Let c(m) = 11*m**3 + 16*m**2 - 7*m + 8. Let v(z) = -31*z**3 - 47*z**2 + 20*z - 24. Let b(u) = 17*c(u) + 6*v(u). Calculate b(10).
2
Let t = -29 + 28. Let d(o) = -3*o**3 - 2*o**2 - 2*o. What is d(t)?
3
Let n(z) = z. Let k(s) = 11*s**2 + s - 25. Let i(h) = 3*h**2 + h - 12 + 2*h**2 + 0*h. Let m(q) = -9*i(q) + 4*k(q). Let a be m(-7). Calculate n(a).
-6
Let r be ((-132)/(-8))/(-11)*(-8)/(-6). Let p(o) be the first derivative of -o**2/2 - o - 3. Give p(r).
1
Let j(k) = -7*k**3 - 4*k**2 + 11*k - 1. Let y(b) = 10*b**3 + 6*b**2 - 16*b + 1. Let m(c) = 7*j(c) + 5*y(c). Let h = 23673 + -23676. What is m(h)?
-2
Let k(t) = -1 + 14*t - 56*t + 17*t + 17*t + 7*t. Let x = 3 + -1. Suppose x*s + 5 = -3*r, 9 = -5*r - s - 3*s. Give k(r).
0
Let y be (-294)/56 - 3/4. Let i be 2*(1 + 9/y)*1. Let c(u) = -4*u + 1. Calculate c(i).
5
Let o(n) = -3*n + 1 + 5*n**2 - 3*n**2 - n**2. Let c(i) = i**2 + 3*i - 8. Let g be c(-5). Suppose -g*v + v + 12 = -5*f, 3*f = -6. Calculate o(v).
-1
Let y be 4*(7 + -2)/80. Let q(l) be the second derivative of 0 - 5/6*l**3 + 6*l + y*l**4 + 2*l**2. Calculate q(3).
16
Let c(r) = r**3 - 13*r**2 + 12*r + 2. Let d be (-2)/(1 - 9) + (-10434)/(-888). What is c(d)?
2
Let g(h) = -2*h**2 - 2*h - 5. Let m(c) = c**2 + 1. Suppose 0 = 3*b + 5*v - 3, 3*v = 3*b - 15 - 12. Let j(y) = b*m(y) + g(y). Calculate j(2).
13
Let z be ((-15)/(-9))/(38/(-228)). Let k(h) = 9*h**2 - 11*h + 0 + h**3 - 12 + 0*h**3. Calculate k(z).
-2
Let p(n) = 830*n - 4 - 413*n - 415*n. What is p(5)?
6
Let f(s) be the third derivative of s**5/60 + s**4/24 - s**3/3 - 237*s**2. Determine f(3).
10
Let d(k) = 2*k**3 + 3*k - 1. Let w = -10 - -53. Let x be w/9 + (-4)/(-18). Let r(g) = -3*g**3 - g**2 - 6*g + 2. Let c(n) = x*d(n) + 3*r(n). Give c(3).
-8
Let s(p) = p**2 + p - 7. Suppose 12*q + 52 = -8. Calculate s(q).
13
Let x be (1/(-2))/((-6)/48). Let v = x + -10. Let l = -8 - v. Let q(y) = -2*y**3 - 3*y**2. Calculate q(l).
4
Let b(c) = 17*c - 2 + 1 - 2. Let h be (11/44)/(-1*2/40). Let u(w) = -11*w + 2. Let g(n) = h*b(n) - 7*u(n). Give g(-1).
9
Suppose 9*x + 24 = 12*x. Let f(i) = i - 19. Calculate f(x).
-11
Let h(y) = -y**2 + 3. Suppose 5*i + 2*m - 11 = -589, 3*i = -m - 347. Let o = i + 113. Give h(o).
-6
Let v(h) = 31 - 5*h - 1 - 20 - 16. Give v(-4).
14
Suppose -3*v = -5*s + 17 - 0, -5*v + 9 = s. Let k(g) = -2*g - 5. Let w be k(-5). Let l(z) = -4*z - 4*z**3 + 0*z**2 + 1 - 3*z**2 + w*z**3. Give l(s).
1
Suppose 0 = 3*m + 3, 0 = -n + 13*m - 8*m - 1. Let l(p) = -p**2 - 6*p - 9. Calculate l(n).
-9
Let u(d) be the second derivative of 9*d - 1/2*d**3 - 3/2*d**2 + 1/20*d**5 - 1/12*d**4 + 0. What is u(3)?
6
Let a(z) = -z**2 + 8*z - 4. Suppose 0*p = -4*p - 2*q + 8, -p + 3*q + 9 = 0. Give a(p).
11
Let w(g) be the second derivative of -1/2*g**2 + 0 + 29*g - 5/6*g**3. What is w(-1)?
4
Let w(p) = p**2 - 6*p + 7. Let k(q) = -4*q. Let g be k(1). Let c be (-2)/g + (-27)/(-18)*3. Give w(c).
2
Let y(b) = -34*b + 66. Let p(h) = -7*h + 14. Let o(l) = 28*p(l) - 6*y(l). Calculate o(4).
28
Let l(v) = -v**3 - v**2 - 2. Let n = -327 + 325. Calculate l(n).
2
Let s(d) = 2*d**2 - 2*d - 2. Suppose 0*y - 5*y + 20 = 0. Suppose 0 = p - 4*p - y*l + 30, -p - l = -9. Let a = -4 + p. Give s(a).
2
Let a be (-48 + 6)/(-7)*(-4)/(-6). Let b(x) = -25 + 0*x - a*x + 21. Calculate b(4).
-20
Let r(t) = -t**2 - 8*t + 2. Let z(q) = -2*q - 30. Let y be -3 - (0 - (-11 + 3)). Let c be z(y). Give r(c).
2
Let o(s) = -s**3 + 10*s**2 - 2*s + 14. Let x = 538 + -528. Determine o(x).
-6
Let b(v) = 8*v - 15. Let n(a) = 3*a - 7. Let s(z) = -2*b(z) + 5*n(z). Calculate s(-3).
-2
Let k(d) be the third derivative of d**4/8 + 67*d**2. Suppose 5*z = -0*z - 5. Give k(z).
-3
Suppose 9*l - 49 = 5. Let w(s) = -s - 1. Let h be w(-4). Let j(b) = 5 + 0 - b**3 + 0*b**h - 2*b + 6*b**2. Determine j(l).
-7
Let t(p) = p - 20. Let v(h) be the first derivative of 5*h - 8. Let o(u) = 5*t(u) + 20*v(u). Calculate o(1).
5
Let m(k) = k**3 - 7*k**2 + 7*k - 2. Let z(c) = -2 - 3*c**2 - 5*c**3 + 2*c**3 - 2*c + 4*c**3. Let t be 1 + 2*3/2. Let x be z(t). Give m(x).
4
Let q(p) = -2*p**2 + p + 2. Let k(m) = 29*m - 15*m + 1 - 13*m + m**3 - m**2. Let y be k(1). Determine q(y).
-4
Suppose -5*s = 5*x - 25 - 5, -s - 4*x = -18. Let t(w) = -19*w**2 - 18*w**2 + 51*w**2 - 16*w**2 + 2 + s*w. Suppose 0 = -5*j + 10 + 5. What is t(j)?
-10
Let p(m) = 4*m**3 - 14*m**2 + 11*m + 16. Let k(x) = x**3 - x**2 + x + 1. Let i(b) = -3*k(b) + p(b). Determine i(10).
-7
Let k(t) = 5*t**2 + 2 + 12*t**2 + 5*t - 15*t**2. Give k(-3).
5
Let d(z) = 884*z + 1 - 440*z - 443*z. Calculate d(-8).
-7
Let u(j) = 0 - 5 + 1 + j. Let x be u(4). Let q(g) be the second derivative of -g**4/12 - g**3/6 - 3*g**2/2 - 3*g + 30. Give q(x).
-3
Suppose 0 = 5*l - 10. Suppose 4*w - 5*h + 7 = -2*h, -l*w = h - 9. Let i(x) = 3*x - 1. Determine i(w).
5
Let q(x) = -2*x**3 + 5*x**2 - x - 2. Suppose 4*b + 2*b - 126 = 0. Suppose -13*u = -20*u + b. Determine q(u).
-14
Suppose 5*g + 23 = -d - 7, 3*d + 2*g = -38. Let x(b) = b**2 + 12*b + 15. What is x(d)?
-5
Let l(q) = q + 1. Let r(g) = 4*g + 6. Let u(k) = 5*l(k) - r(k). Let t(z) = 2*z - z + 0 - 2. Let v(c) = 3*t(c) - 4*u(c). What is v(6)?
-8
Let b(h) = -5*h - 4. Let w(z) be the third derivative of -z**4/24 - z**3/6 - 17*z**2. Let s(q) = -2*b(q) + 14*w(q). Calculate s(-6).
18
Let b(f) = -11*f - 